?
-aa872
Convert 13128615 (base 10) to base 9.
26630060
What is -310311231 (base 4) in base 8?
-646555
Convert 3fb03 (base 16) to base 14.
6b0d5
Convert 211013302 (base 4) to base 14.
3d5aa
-34303205 (base 7) to base 14
-57c93c
Convert -4e80e (base 15) to base 12.
-1016b8
What is 13554743 (base 8) in base 7?
35045464
-2b1b5e (base 15) to base 7
-23456462
What is 7462516 (base 10) in base 9?
15033574
4633707 (base 10) to base 14
888951
Convert 205005040 (base 6) to base 15.
4aeb96
What is -3d33d (base 16) in base 8?
-751475
What is 412134313 (base 5) in base 2?
110011001100010010010
510451 (base 10) to base 15
a13a1
What is 10011110100100010 (base 2) in base 10?
81186
Convert -8a3a7 (base 11) to base 5.
-13142133
Convert -351d5 (base 14) to base 10.
-129351
-3925d1 (base 14) to base 16
-1dff2b
What is -52035050 (base 6) in base 4?
-11231232012
Convert -2054557 (base 9) to base 15.
-16a9aa
Convert 1b1788 (base 12) to base 14.
c6bb2
-3541286 (base 9) to base 5
-442314111
Convert 29d43 (base 15) to base 16.
20dd5
Convert 238cd75 (base 14) to base 7.
264425505
What is 181860 (base 10) in base 14?
4a3c0
What is -350013 (base 9) in base 13?
-74751
1139694 (base 12) to base 13
8c02a8
-10102230032 (base 4) to base 12
-463152
3441144 (base 7) to base 2
1101001000001111011
Convert 223163 (base 7) to base 15.
baae
Convert 3120024 (base 5) to base 10.
51264
What is 32406 (base 16) in base 15?
40ec0
Convert -93c4ed (base 15) to base 9.
-14201377
-103023411 (base 6) to base 15
-26021a
What is -110694a (base 12) in base 8?
-14304712
What is 49db3 (base 14) in base 12?
88949
-307175 (base 10) to base 15
-61035
What is -c419b3 (base 13) in base 15?
-605234
Convert -532226 (base 7) to base 11.
-63175
What is 1194843 (base 10) in base 7?
13104336
Convert 3786a3 (base 12) to base 11.
56a044
Convert 16a72 (base 12) to base 9.
48675
32041430 (base 5) to base 3
111122010110
What is -27126151 (base 9) in base 8?
-62763011
What is -1511746 (base 12) in base 11?
-2445933
What is 10011111111101001000 (base 2) in base 10?
655176
Convert -33a975 (base 11) to base 13.
-15c663
What is -4017581 (base 9) in base 13?
-59b144
What is 688462 (base 12) in base 7?
20136404
What is 1307818 (base 9) in base 7?
6033446
-11101232232 (base 4) to base 6
-45352210
2add7 (base 14) to base 10
107009
Convert -4a661 (base 11) to base 13.
-270ca
What is -22020110 (base 4) in base 16?
-a214
Convert 77891 (base 11) to base 6.
2230320
What is 453015 (base 15) in base 9?
6180722
What is c7bc8 (base 15) in base 11?
3a31a1
11ba1c (base 15) to base 5
204140102
What is 9626 (base 15) in base 10?
31761
-129425 (base 10) to base 9
-216475
What is -1029790 (base 10) in base 7?
-11516206
What is -12c097 (base 13) in base 8?
-1570367
-1021b0 (base 15) to base 16
-bb233
What is -2262440 (base 7) in base 15?
-59338
10102330033 (base 4) to base 12
463867
Convert a1079 (base 12) to base 4.
303010131
What is 10134034 (base 7) in base 3?
1121010112121
What is 32772 (base 15) in base 10?
160307
What is 5791b9 (base 13) in base 8?
7727506
What is 1b369 (base 12) in base 6?
510213
Convert -1124455 (base 7) to base 13.
-4c16b
What is -6088202 (base 9) in base 10?
-3247130
10100110011000001111 (base 2) to base 14
13a4d9
Convert 54298 (base 10) to base 2.
1101010000011010
What is -c658 (base 14) in base 11?
-23755
What is -1100102112101 (base 3) in base 13?
-1c1476
-555424 (base 8) to base 11
-118682
116977 (base 10) to base 11
7a983
-45992 (base 16) to base 12
-118b82
-3be95 (base 16) to base 5
-30323042
What is -29c39 (base 13) in base 6?
-1405335
Convert -168723 (base 12) to base 6.
-12152443
232565 (base 9) to base 13
4b785
-ebb1d (base 16) to base 9
-1731252
Convert -617d (base 14) to base 13.
-7831
-819b4a (base 14) to base 2
-10000101010011000110110
28bcc (base 15) to base 5
13142132
Convert 6584357 (base 9) to base 5.
1401231330
Convert 14133210 (base 6) to base 13.
13a004
105511 (base 8) to base 16
8b49
Convert -3226014 (base 7) to base 10.
-393432
What is -23500 (base 6) in base 4?
-311130
Convert 59a3683 (base 11) to base 5.
10134132414
Convert -140368 (base 10) to base 8.
-422120
What is 1298381 (base 10) in base 5?
313022011
What is b887 (base 14) in base 10?
31871
12010231 (base 4) to base 6
311101
Convert 1c5ac8 (base 15) to base 13.
396c3b
Convert 11061443 (base 9) to base 7.
63341601
What is -59a404 (base 15) in base 9?
-8053774
What is -11101001100110100011010 (base 2) in base 14?
-1033870
Convert 3050402 (base 6) to base 11.
a0158
Convert 10101101221 (base 3) to base 14.
1a3d8
Convert 212011003 (base 4) to base 15.
31331
What is -110011011100111110 (base 2) in base 13?
-74c07
Convert 40321346 (base 7) to base 6.
155444515
Convert -1017467 (base 11) to base 15.
-257286
Convert -6756b (base 14) to base 16.
-3d39b
What is 10101011000010001011100 (base 2) in base 15?
75a899
What is 100101011001000011 (base 2) in base 5?
14400110
What is 133285 (base 9) in base 13?
2ac2c
Convert -1588b8c (base 13) to base 10.
-6931313
Convert 167dc3 (base 14) to base 8.
3007347
-5a012 (base 11) to base 15
-1a988
-14827373 (base 9) to base 5
-3343242114
What is -40ad75 (base 14) in base 2?
-1000010100100100001011
129113 (base 13) to base 14
b9589
What is -13345352 (base 6) in base 5?
-103342021
e2e (base 16) to base 6
24450
What is -1342412203 (base 5) in base 10?
-3482178
-4612366 (base 7) to base 3
-1002012100221
What is 2030435 (base 6) in base 4?
113301113
Convert 243203 (base 7) to base 3.
2020211112
-111000111010000000001 (base 2) to base 12
-75b141
What is 223311101 (base 5) in base 4?
3302303132
What is -32b41a1 (base 12) in base 8?
-44757411
1177256 (base 8) to base 6
11003250
Convert -b16094 (base 12) to base 8.
-12436760
Convert 143044214 (base 6) to base 13.
7c1899
Convert 113130333 (base 4) to base 2.
10111011100111111
-1bb19 (base 12) to base 11
-29080
Convert 23b14aa (base 13) to base 7.
163134566
Convert 761250 (base 8) to base 13.
8bb91
What is -324020122 (base 6) in base 15?
-794e5b
Convert -2050518 (base 11) to base 7.
-42513022
112a5a2 (base 11) to base 2
111100010011001110001
What is -10202020101 (base 3) in base 5?
-4330201
What is 321010013 (base 4) in base 12?
b331b
Convert -97c35 (base 14) to base 7.
-3056665
What is -1372557 (base 8) in base 5?
-44444021
Convert -323303123 (base 4) to base 11.
-158047
Convert 225310 (base 6) to base 8.
45612
-4412441 (base 5) to base 8
-224334
e7ea5c (base 15) to base 12
3842150
-114651 (base 10) to base 14
-2dad5
10516 (base 14) to base 4
21213320
-132330301 (base 4) to base 16
-1ef31
What is -1664043 (base 7) in base 14?
-6155a
235570 (base 8) to base 2
10011101101111000
-34301 (base 12) to base 6
-1254001
What is -442142114 (base 5) in base 13?
-51c472
What is 13776255 (base 9) in base 14?
ca11b6
Convert -11011101001111 (base 2) to base 12.
-823b
-6ee90 (base 16) to base 10
-454288
-229196 (base 12) to base 4
-2013133002
726a66 (base 13) to base 15
37b6a4
-8dd7bd (base 15) to base 10
-6778753
What is -155123321 (base 6) in base 11?
-1970178
What is 407b3b (base 14) in base 15?
2cdb78
-4c9c34 (base 16) to base 4
-103021300310
What is -2963588 (base 12) in base 14?
-1172088
-84889 (base 10) to base 2
-10100101110011001
Convert 10308511 (base 9) to base 8.
22743733
What is 222110000220 (base 3) in base 2?
1111111000101010010
What is 636a99 (base 11) in base 6?
33504021
1121222220001 (base 3) to base 12
359184
129145 (base 10) to base 9
216134
What is 20001112022 (base 3) in base 10?
119213
-30540670 (base 9) to base 7
-235462302
What is 16e4 (base 15) in base 6?
34511
Convert 34aa5b3 (base 12) to base 16.
9b50d7
Convert -4ae0d (base 16) to base 11.
-19a47a
Convert 140221554 (base 6) to base 14.
534d30
1577a03 (base 11) to base 2
1010010000101100101001
What is 65bcd (base 15) in base 5?
40321133
Convert -733614 (base 10) to base 8.
-2630656
53351013 (base 6) to base 5
400212211
What is -404191 (base 10) in base 7?
-3302254
-5662156 (base 8) to base 11
-957881
c640b (base 16) to base 3
1112020220200
Convert 17f4e (base 16) to base 13.
35882
11603a (base 12) to base 13
9a591
Convert -21b433 (base 13) to base 4.
-3002112000
-945352 (base 10) to base 3
-1210000210001
1010010111000001110 (base 2) to base 4
1102320032
33144 (base 14) to base 2
11110001101011000
Con